{"id":1453,"date":"2018-10-28T15:25:14","date_gmt":"2018-10-28T14:25:14","guid":{"rendered":"http:\/\/www.solis.world\/?post_type=product&#038;p=1453"},"modified":"2023-03-22T19:08:46","modified_gmt":"2023-03-22T18:08:46","slug":"mp3-healing-piano-fuer-baby-und-mama","status":"publish","type":"product","link":"https:\/\/solys.media\/shop\/produkt\/mp3-healing-piano-fuer-baby-und-mama\/","title":{"rendered":"MP3 HEALING PIANO f\u00fcr Baby und Mama"},"content":{"rendered":"<h4><b>HEALING PIANO MAMA &amp; BABY (Album)<\/b><\/h4>\n<p>Gl\u00fcckliche Mama = gl\u00fcckliches Kind<\/p>\n<p>Je gl\u00fccklicher und ges\u00fcnder die Mama ist, desto gl\u00fccklicher und ges\u00fcnder kann sich das heranwachsende Baby entfalten. Das Baby im Mutterleib bekommt alles mit, was rundherum passiert. Diese Umst\u00e4nde der pr\u00e4natalen Programmierung sind erst seit etwa 20 Jahren bekannt.<\/p>\n<p>Hebammen, P\u00e4dagogen, Maltherapeuten und Mamas geben aus eigener Praxis immer wieder \u00e4u\u00dferst positive und herzber\u00fchrende R\u00fcckmeldungen \u00fcber diese Titel.<\/p>\n<p>6 Titel, Gesamtspieldauer: ca 80 min<\/p>\n<p>(C)2014 SOLyS MEDIA<\/p>\nPreset with id SolysShopPlayer2 does not exist!<div id='fwdrapDiv0'><\/div>Main playlist with id HEALING PIANO Baby+Mama does not exist!\n","protected":false},"excerpt":{"rendered":"[fwdrap preset_id=\"SolysShopPlayer\" playlist_id=\"HEALING PIANO Baby+Mama\"]\n<p>Schenke Dir und Deinen Kleinsten Momente voller Harmonie, Freude und Liebe!<\/p>\n<p>Musik, speziell auch f\u00fcr die Babies im Mutterleib, in ganz feiner und sanfter Schwingung, nat\u00fcrlich auch f\u00fcr Papas bestens geeignet.<\/p>\n<p>6 Titel, Gesamtspieldauer: ca 80 min<\/p>\n","protected":false},"featured_media":1436,"comment_status":"open","ping_status":"closed","template":"","meta":[],"product_cat":[48,59],"product_tag":[],"class_list":["post-1453","product","type-product","status-publish","has-post-thumbnail","hentry","product_cat-mp3","product_cat-healingpiano"],"_links":{"self":[{"href":"https:\/\/solys.media\/shop\/wp-json\/wp\/v2\/product\/1453","targetHints":{"allow":["GET"]}}],"collection":[{"href":"https:\/\/solys.media\/shop\/wp-json\/wp\/v2\/product"}],"about":[{"href":"https:\/\/solys.media\/shop\/wp-json\/wp\/v2\/types\/product"}],"replies":[{"embeddable":true,"href":"https:\/\/solys.media\/shop\/wp-json\/wp\/v2\/comments?post=1453"}],"wp:featuredmedia":[{"embeddable":true,"href":"https:\/\/solys.media\/shop\/wp-json\/wp\/v2\/media\/1436"}],"wp:attachment":[{"href":"https:\/\/solys.media\/shop\/wp-json\/wp\/v2\/media?parent=1453"}],"wp:term":[{"taxonomy":"product_cat","embeddable":true,"href":"https:\/\/solys.media\/shop\/wp-json\/wp\/v2\/product_cat?post=1453"},{"taxonomy":"product_tag","embeddable":true,"href":"https:\/\/solys.media\/shop\/wp-json\/wp\/v2\/product_tag?post=1453"}],"curies":[{"name":"wp","href":"https:\/\/api.w.org\/{rel}","templated":true}]}}