{"id":1618,"date":"2018-11-01T18:30:47","date_gmt":"2018-11-01T17:30:47","guid":{"rendered":"http:\/\/www.solis.world\/?post_type=product&#038;p=1618"},"modified":"2026-02-12T17:34:47","modified_gmt":"2026-02-12T16:34:47","slug":"cd-healing-piano-evol-2","status":"publish","type":"product","link":"https:\/\/solys.media\/shop\/produkt\/cd-healing-piano-evol-2\/","title":{"rendered":"CD HEALING PIANO eVol. 2"},"content":{"rendered":"<h4><b>HEALING PIANO eVol. 2 (Album)<\/b><\/h4>\n<p>Alle Healing Piano St\u00fccke sind nicht wie die meiste aktuelle Musik auf a=440Hz gestimmt, sondern h\u00f6her. Damit erreichen die St\u00fccke die Solfeggio-DNA-Reparatur-Frequenz und sind deshalb besonders tiefg\u00e4ngig und wirksam. Wie auch bei HEALING PIANO eVol. 1 eigenen sich die sanften und doch kraftvollen Melodien hervorragend f\u00fcr Meditationen, Yoga, Therapie, energetische Sitzungen, zur Entspannung und Reflexion.<br \/>\nGesamtspieldauer ca 82 min<\/p>\n<p>(c)2014 SOLYS MEDIA<\/p>\nPreset with id SolysShopPlayer2 does not exist!<div id='fwdrapDiv0'><\/div>Main playlist with id HEALING PIANO eVol. 2 does not exist!\n","protected":false},"excerpt":{"rendered":"<p>[fwdrap preset_id=\"SolysShopPlayer\" playlist_id=\"HEALING PIANO eVol. 2\"]<br \/>\nHealing Piano ist eine Einladung, zu Deinem urspr\u00fcnglichen Seinszustand zur\u00fcckzufinden und dadurch ein Leben in Freude und Frieden zu f\u00fchren. Wie bei der eVol. 1 sind alle St\u00fccke auf Basis der DNA-Reparatur-Frequenzen gespielt.<br \/>\nGesamtspieldauer: 82 min<\/p>\n","protected":false},"featured_media":1432,"comment_status":"open","ping_status":"closed","template":"","meta":[],"product_cat":[43,45],"product_tag":[],"class_list":["post-1618","product","type-product","status-publish","has-post-thumbnail","hentry","product_cat-cd","product_cat-healing-piano-cd"],"_links":{"self":[{"href":"https:\/\/solys.media\/shop\/wp-json\/wp\/v2\/product\/1618","targetHints":{"allow":["GET"]}}],"collection":[{"href":"https:\/\/solys.media\/shop\/wp-json\/wp\/v2\/product"}],"about":[{"href":"https:\/\/solys.media\/shop\/wp-json\/wp\/v2\/types\/product"}],"replies":[{"embeddable":true,"href":"https:\/\/solys.media\/shop\/wp-json\/wp\/v2\/comments?post=1618"}],"wp:featuredmedia":[{"embeddable":true,"href":"https:\/\/solys.media\/shop\/wp-json\/wp\/v2\/media\/1432"}],"wp:attachment":[{"href":"https:\/\/solys.media\/shop\/wp-json\/wp\/v2\/media?parent=1618"}],"wp:term":[{"taxonomy":"product_cat","embeddable":true,"href":"https:\/\/solys.media\/shop\/wp-json\/wp\/v2\/product_cat?post=1618"},{"taxonomy":"product_tag","embeddable":true,"href":"https:\/\/solys.media\/shop\/wp-json\/wp\/v2\/product_tag?post=1618"}],"curies":[{"name":"wp","href":"https:\/\/api.w.org\/{rel}","templated":true}]}}